48 + 473 = 0. Is s composite?
False
Let q(i) = 2*i**2 - 6*i - 5. Let t be q(-4). Suppose 396 + t = 3*u. Suppose -2*a + 9 = -u. Is a prime?
True
Suppose -148*z + 153*z = 5205. Is z composite?
True
Let v = -220 - -534. Suppose -i + v = i. Is i a composite number?
False
Let v(s) = -2 - 17*s + 1 - 18*s + 5*s. Is v(-5) prime?
True
Let v = 89 + -19. Let q(i) = -14*i - 1. Let h be q(3). Let s = v - h. Is s a composite number?
False
Suppose 18*q = 16*q + 758. Is q prime?
True
Let y(g) = g**3 + 4*g**2 + 3*g + 8. Let l be y(-4). Is (-5802)/(-26) + l/26 composite?
False
Let p(f) = f**3 - 6*f**2 + 10*f - 2. Let y = -11 - -20. Is p(y) prime?
True
Suppose 0*h - 5*h = g - 1168, -2*g = 2*h - 472. Is h composite?
False
Let o(z) = -z**3 + 8*z**2 + z + 11. Suppose -3*j - 4*w = 2*j - 53, -5*w = -2*j + 8. Let x = 17 - j. Is o(x) composite?
False
Let a be 8/28 - 362/(-7). Suppose 2*u + 4 = -2*d + 6*u, -4*d - 4*u + a = 0. Let b(j) = j + 3. Is b(d) composite?
False
Let h be (-1)/(1/1) - -12. Let j = 8 + 0. Let c = h - j. Is c prime?
True
Suppose 4*v - 565 = 43. Suppose -v = -5*b + 83. Is b composite?
False
Let v(t) be the second derivative of t**7/840 + t**6/40 + t**5/40 - t**4/8 + t**3/3 - 2*t. Let z(c) be the second derivative of v(c). Is z(-4) a prime number?
False
Suppose -5*m + 59 + 136 = 0. Is m composite?
True
Let t(x) = -1615*x - 18. Is t(-5) prime?
False
Let q be 56/(-12)*(-3)/2. Let i be (-56)/3 - 2/6. Let x = q - i. Is x a prime number?
False
Let n(m) be the second derivative of m**3/6 + m**2/2 - 2*m. Let r(p) = -6*p - 6. Let c(f) = 34*n(f) + 6*r(f). Is c(-4) composite?
True
Let j(g) = -g**2 - g + 251. Is j(0) prime?
True
Suppose 2*f - 5*q + 6*q = 188, -f + 3*q = -87. Is f prime?
False
Let i = 12 - -86. Suppose -x + i = x. Is x a prime number?
False
Let u = 6 - 6. Suppose u = 3*f + 63 - 552. Is f a prime number?
True
Is 1 + (-3616)/(-14) + 28/(-98) a prime number?
False
Suppose -a - 3*h = h - 114, 0 = 4*a + 4*h - 444. Suppose 2*k + 2*z = -2*z + 130, z + a = 2*k. Suppose -2*q + 5*q - k = 0. Is q prime?
True
Is (326/(-3))/((-5)/((-90)/(-12))) composite?
False
Let x(f) = f + 47. Let j(h) = h + 46. Let n(l) = -6*j(l) + 7*x(l). Suppose 0 = 3*a + 2*a. Is n(a) composite?
False
Suppose 5*v - 3*f - 30 = 0, 0*v + 18 = 3*v - 3*f. Suppose -s - 665 = -v*s. Is s composite?
True
Suppose z - 2*z + 13 = 5*j, -3*z + 13 = 2*j. Suppose z*s - 8 = -2*w, -s + 3*w + 5 = 3*s. Suppose -4*d = -2*t + 54, 41 = t + s*t + 4*d. Is t a prime number?
True
Let n(t) = -t**2 - t + 1. Let q be n(-1). Suppose -2 + q = -l. Is l - (-147 + 1 + -2) composite?
False
Suppose o + 4 + 5 = 0. Let w = o + 30. Is w a prime number?
False
Suppose -5*q - 40 = 5*g, 0 = 3*q + g + 8 + 8. Let i(o) = -5*o**3 + 6*o**2 + 3*o + 3. Is i(q) prime?
False
Let q(s) = 3*s**3 - 5*s**2 - 4*s + 2. Let k be q(-5). Let i = k - -1113. Is i a prime number?
False
Let v(d) = -52*d**3 - d**2 - d - 1. Let w be v(-1). Let f = -16 + w. Is f composite?
True
Let s be 162/1 + 0 + -3. Suppose -198 = -3*g + s. Is g a prime number?
False
Let c(i) = 4*i**2 - 13*i + 17. Is c(10) a composite number?
True
Let j(s) = 2*s**2 + 4*s - 11. Is j(6) a composite number?
True
Suppose -3*r + 0*r = 27. Is (-425)/r - (-4)/(-18) a composite number?
False
Suppose 0 = p + 3*p. Suppose 0 = 4*j + 20, -3*j + 3 = 2*i + 22. Is 10 + p/i + 1 composite?
False
Let b(u) = 2*u - 9. Let d be b(6). Let v be 2/(-6) + 43/d. Suppose 2*n + 7 = k - v, -3*k = -5*n - 64. Is k composite?
False
Let v(p) = p + 6. Let c be v(-3). Suppose -4*s + 14 = -q, 6*q - 26 = c*q - 5*s. Suppose -30 = -q*h - 0*h. Is h prime?
False
Let v = -74 + 1767. Is v a prime number?
True
Let k(h) = 5 - 4*h + 17*h**2 + 3*h + 0*h. Let b be k(5). Suppose -3*w = -2*s - 259, 5*w - s - b = s. Is w prime?
True
Let z(q) = q**2 + 10*q - 3. Suppose 0*m - 5*m = 50. Let s be z(m). Is -1*s*28/6 a prime number?
False
Suppose -5*v = 3*w - 115, -3*v + 45 = 5*w - 8. Is v a prime number?
False
Suppose 3*y - 3 = 3. Let n be ((-6)/(-15))/(y/20). Suppose u + n = 15. Is u a composite number?
False
Let h(f) = -15*f**3 + 2*f**2 + 2*f. Let n be h(2). Let z = n + 187. Is z a prime number?
True
Let h = 220 - 143. Is h composite?
True
Let q be (-2)/(-9) + (-588)/(-27). Suppose g = 1 + 1. Suppose -g*k - b = -58, 4*k + b + q - 142 = 0. Is k prime?
True
Is 132 + (-3 + 1)/8*4 a prime number?
True
Let c be 2 + (0 - -1)*61. Let u be (-2)/(-2) + 1*c. Let g = u - 33. Is g prime?
True
Let v(s) = -2*s + 1945. Is v(0) composite?
True
Let f = 0 + 2. Let a(w) = 64*w - 1. Is a(f) composite?
False
Suppose 0 = c - 3*n - 160, -5*c - n - 3*n + 781 = 0. Is c composite?
False
Let i(g) = -254*g - 13*g + 2 + 0 + 0. Is i(-1) a prime number?
True
Let y(z) = -2 + 3*z**3 + 7*z**3 + 5*z - 11*z**3 - z**2. Is y(-7) a prime number?
True
Let g = 239 - 162. Is g prime?
False
Let a(j) = 7*j**2 + 2*j + 1. Let p be a(-1). Suppose 0 = 2*x - 7*x. Suppose x = 3*z - p*z + 279. Is z a composite number?
True
Suppose -50 - 276 = -2*r. Is r a prime number?
True
Let d = -251 - -1050. Is d a prime number?
False
Let g(f) = -f**3 + 7*f**2 + 4*f - 9. Let z be g(7). Suppose 0 = 2*c - 5*v + z, 0*v + v = -c + 8. Suppose k - 2*p = 59, -15 = 2*p + c*p. Is k composite?
False
Let h(k) = -2*k**3 - k**2 + 6*k - 4. Let c be h(-5). Suppose 0 = -z - 2*s + 83, -z = -3*z + s + c. Is z prime?
False
Suppose -23*a - 1203 = -26*a. Is a composite?
False
Suppose 2*u + 386 = 4*u. Suppose u = 2*h + 3. Is h prime?
False
Let x(t) = 3*t - 1. Let j(h) = h. Let c(d) = -5*j(d) + 2*x(d). Let s be c(7). Is (s*-11)/(-4 - -3) a composite number?
True
Is ((-747)/(-18))/((-2)/(-4)) a prime number?
True
Let h(a) = 6 - a**3 + 2*a**3 + 5 + 2*a + 12*a**2. Is h(-8) prime?
True
Let t be (2/(-2))/((-3)/(-15)). Let m = t + 8. Suppose -4*z - 108 = -7*z + 3*d, -m*d = 2*z - 77. Is z a composite number?
False
Let i = 3 + 0. Suppose -5*d + 393 = -2*n, -i*d - 3*n + 161 = -d. Is d prime?
True
Let m = 16 + -26. Is (-2 - -9)*(1 - m) a composite number?
True
Let o(b) = -5*b**3 - 7*b**2 + 5*b. Is o(-7) a prime number?
False
Is 4/((-24)/(-6))*335 prime?
False
Suppose 4*x - 2*x + f + 16 = 0, 4*x + 4*f + 28 = 0. Let q be 3/(1 - (-12)/x). Let d = -3 - q. Is d a prime number?
False
Suppose 5*u - 1182 - 9533 = 4*x, 4*u - 4*x - 8568 = 0. Is u a prime number?
False
Let s be 1*(1 + -2 + 1). Suppose -415 = -5*c - s*c. Is c a composite number?
False
Let v(c) = c**3 - 5*c**2 + 5*c + 2. Let k be v(6). Suppose -4*t = -74 - 386. Let y = t - k. Is y composite?
False
Let l = 254 - 401. Let j = l - -334. Is j a prime number?
False
Let q(g) = -5*g**3 + 2*g**2 + 7*g + 5. Let x be q(-5). Suppose 0 = -2*f - 3*f + 4*c + 627, 5*f = -5*c + x. Is f composite?
False
Let k = 195 - -26. Let i = k - 147. Is i a prime number?
False
Suppose 4*l + 4*r - 373 = 63, -4*l - r = -442. Is l a prime number?
False
Is 10/(-2)*10483/(-55) a prime number?
True
Suppose 4*s - 97 - 251 = 0. Is s composite?
True
Suppose 3*q + 5*r - 8 = 4*q, -3*q + 8 = r. Suppose -2*f - 4*c = -400 + 98, -3*f + 437 = q*c. Is f a composite number?
True
Let v(m) = 198*m - 23. Is v(4) composite?
False
Let v(y) = y**2 + 2*y - 9. Suppose 4*k + 2*t - 20 = 0, 8*k - 40 = 3*k + 5*t. Is v(k) a composite number?
True
Let m be 1 + (-3)/3 - -2. Suppose m*s + 1 = 13. Let i(c) = c**2 - 5*c + 5. Is i(s) prime?
True
Let l(k) = -8*k. Let a be l(-1). Let b be (-2)/8 - (-34)/a. Suppose -y + m = -57, -b = -5*y - 4*m + 245. Is y a prime number?
True
Let n = 16 - 43. Let i = 154 + n. Is i a composite number?
False
Let n = -182 - -499. Is n a composite number?
False
Suppose 0 = -14*t + 9533 + 2101. Is t prime?
False
Is (4 - (-3789)/(-6))*-2 a prime number?
False
Let z = 12 + -31. Let w = z - -41. Is w a composite number?
True
Let d(o) = -92*o - 13. Is d(-5) prime?
False
Let v(t) = 22*t - 3. Let b(q) = -21*q + 3. Let w(p) = 5*b(p) + 6*v(p). Is w(6) a prime number?
False
Let f = -28 - -50. Let d = f + 12. Is d composite?
True
Let i = -103 - -662. Suppose 0 = 5*l + 251 + i. Let n = 241 + l. Is n a composite number?
False
Let f(y) = 2*y**2 + 2*y + 2. Let l be f(3). Suppose k - 53 - l = 0. Is k a prime number?
True
Suppose -5*c + 6416 = 1141. Suppose -4*t + c = t. Is t a prime number?
True
Suppose -3*n - 5*w + 2498 = 0, -981 = -2*n + 4*w + 677. Is n a composite number?
True
Let v be (-1674)/(-21) - (-8)/28. Let j = -27 + v